k) = 3*k**3 + 30*k**2 + 14*k - 109. What is b(-9)?
8
Let x(l) = 2*l**3 + 143*l**2 - 2016*l + 5643. Calculate x(4).
-5
Let p(r) = r**3 + 18*r**2 - 3637*r + 31. What is p(52)?
187
Let f(v) = 2666*v + 85309. Determine f(-32).
-3
Let f(c) = -3135*c + 34569. Determine f(11).
84
Let u(y) = -y**2 + 589358*y + 4125564. Calculate u(-7).
9
Let a(g) = g**3 + 158*g**2 - 1685*g - 650. What is a(-168)?
190
Let p(s) = -1220*s**2 + 39040*s + 70. What is p(32)?
70
Let u(j) = -367*j - 19605. Calculate u(-54).
213
Let l(g) = 1594*g + 116307. Determine l(-73).
-55
Let k(x) = -11*x**3 - 69*x**2 - 46*x - 206. Give k(-6).
-38
Let v(p) = 5*p**2 + 3389*p - 113562. Determine v(32).
6
Let n(q) = -22*q**2 - 371528*q - 371528. What is n(-1)?
-22
Let f(k) = -6*k**3 + 4163*k**2 + 704*k - 6919. What is f(694)?
21
Let c(h) = 355*h - 21. Calculate c(0).
-21
Let s(o) = 605*o - 27307. Calculate s(46).
523
Let y(j) = 75383*j - 678147. Determine y(9).
300
Let i(o) = 10*o**2 + 1978*o + 25313. Give i(-13).
1289
Let g(q) = -27041*q - 161606. Determine g(-6).
640
Let a(u) = u**3 - 346*u**2 - 394*u + 16370. Determine a(347).
61
Let x(p) = -3*p**3 + 14*p**2 - 5*p - 21. Determine x(0).
-21
Let s(a) = 3*a**3 + 10*a**2 - 104*a + 59. Calculate s(-8).
-5
Let d(i) = 70849*i + 1629798. Calculate d(-23).
271
Let q(t) = 66807*t - 467560. Give q(7).
89
Let t(h) = 11*h**2 + 251*h - 157. Give t(-23).
-111
Let k(s) = 21724*s - 5083412. Give k(234).
4
Let r(l) = -42*l**2 + 365*l + 404. Determine r(-1).
-3
Let i(c) = -c**3 + 47*c**2 - 122*c - 3555. Calculate i(44).
-3115
Let f(u) = 10*u**3 - 1938*u**2 - 326*u - 12021. What is f(194)?
7
Let j(u) = -2*u**2 - 209*u - 5448. What is j(-39)?
-339
Let p(z) = -7*z**2 - 1513*z - 10750. Determine p(-7).
-502
Let t(d) = 7*d**3 + 106*d**2 - 374*d - 36. What is t(-18)?
216
Let r(x) = x**2 - 3289*x - 254. What is r(0)?
-254
Let m(d) = d**3 + 79*d**2 - 11*d - 555. Calculate m(-79).
314
Let f(k) = 200*k - 8489. Give f(52).
1911
Let s(v) = -1849*v + 25921. What is s(14)?
35
Let x(o) = -5*o**3 + 41*o**2 - 83*o + 28. Calculate x(5).
13
Let m(i) = i**3 - 28*i**2 - 19*i - 1222. Calculate m(30).
8
Let l(j) = j**2 + 9005*j + 429965. Determine l(-48).
29
Let p(t) = -t**3 - t**2 + 2712*t + 11. Calculate p(0).
11
Let z(q) = 2*q**3 - 49*q**2 - 3124*q - 3318. Determine z(54).
30
Let a(g) = -13*g**3 - 458*g**2 + 2423*g - 2292. Calculate a(-40).
-12
Let k(g) = -5787*g - 17503. Give k(-3).
-142
Let m(d) = 2*d**2 + 1814*d + 5400. Determine m(-3).
-24
Let i(n) = -1618*n**2 - 8123*n - 163. Calculate i(-5).
2
Let m(h) = -h**2 - 86742*h + 4773832. What is m(55)?
-3
Let z(v) = -72962*v + 875538. Give z(12).
-6
Let f(a) = 98841*a - 691868. What is f(7)?
19
Let y(h) = 6*h**2 - 432*h + 4916. Calculate y(59).
314
Let d(q) = 68*q**3 - 7*q**2 - 9*q + 2. Determine d(-2).
-552
Let r(d) = d**2 - 6761041*d - 67610504. Calculate r(-10).
6
Let l(i) = -7*i**2 - 1931*i + 28426. Calculate l(14).
20
Let v(o) = -3*o**3 - 34*o**2 + 396*o + 4062. Calculate v(-9).
-69
Let i(n) = -3*n**3 - 17*n**2 - 86*n - 378. What is i(-5)?
2
Let k(w) = 4*w**3 + 58*w**2 - 53*w - 49. Calculate k(-10).
2281
Let g(s) = -928*s + 42662. What is g(46)?
-26
Let f(d) = d**3 + 58*d**2 + 35*d + 155. Calculate f(-9).
3809
Let j(b) = 6*b**3 + 309*b**2 - 150*b + 406. What is j(-52)?
94
Let u(v) = -2*v**2 + 648*v - 52406. What is u(161)?
80
Let f(a) = -105*a**2 - 4650*a - 13953. What is f(-3)?
-948
Let i(a) = 50*a**2 + 6994*a - 752. What is i(-140)?
88
Let i(d) = d**3 + 704*d**2 + 66772*d - 1204. What is i(-113)?
39
Let j(z) = 22*z**2 + 339*z + 180. What is j(-16)?
388
Let h(x) = 44*x + 1258. Give h(-31).
-106
Let j(t) = -3*t**3 + 905*t**2 + 292*t + 3017. Give j(302).
-3
Let y(m) = -m**3 - 450*m**2 - 9007*m + 49. Give y(-21).
7
Let k(u) = u**2 - 4283*u - 397831. Give k(-91).
203
Let l(f) = -f**3 + 14*f**2 + 34*f - 74. Calculate l(17).
-363
Let l(w) = w**3 + 23*w**2 - 489*w - 11372. Calculate l(-25).
-397
Let t(x) = 3275*x + 550378. Give t(-168).
178
Let o(j) = 4*j**3 + 425*j**2 + 73*j - 3494. Calculate o(-106).
4
Let o(m) = -54833*m - 383846. Give o(-7).
-15
Let t(h) = 1823*h - 4767. What is t(3)?
702
Let s(l) = -15573*l + 529480. What is s(34)?
-2
Let v(d) = 4404*d + 303859. What is v(-69)?
-17
Let b(t) = t**3 - 2*t**2 + 406*t - 950. Calculate b(0).
-950
Let h(x) = x**3 - 36*x**2 - 466*x + 3829. Calculate h(6).
-47
Let k(l) = 86*l**3 + 5241*l**2 - 310*l + 151. What is k(-61)?
456
Let g(k) = k**3 + 58*k**2 + 56*k + 267. What is g(-56)?
3403
Let r(q) = -11796*q + 58936. Determine r(5).
-44
Let q(a) = 6*a**2 - 23*a - 1319. Calculate q(-18).
1039
Let d(o) = -3*o**3 - 787*o**2 + 1331*o + 2931. Determine d(-264).
27
Let w(r) = r**3 + 114*r**2 + 534*r - 904. Calculate w(-109).
295
Let r(d) = -2*d**3 + 10*d**2 - 150*d + 840. What is r(6)?
-132
Let c(b) = b**3 - 42*b**2 - 26*b + 1751. What is c(42)?
659
Let p(x) = -32*x**2 + 39*x + 896. Give p(6).
-22
Let y(b) = 49*b**2 - 3596*b + 1356. Determine y(73).
-31
Let k(g) = g**2 + 2724*g + 19140. Determine k(-7).
121
Let i(g) = -4*g**2 - 145*g + 463. What is i(3)?
-8
Let t(k) = -2*k**3 - 70*k**2 - 630*k - 25273. Give t(-36).
-1
Let s(u) = -u**2 + 1463*u + 47282. Determine s(-32).
-558
Let q(b) = b**3 - 275*b**2 + 276*b - 74. Determine q(274).
474
Let p(z) = 144*z**2 - 1034*z + 170. Give p(7).
-12
Let f(c) = -3*c**3 + 491*c**2 - 4852*c - 6736. Calculate f(153).
-4
Let i(w) = -w**3 - 107*w**2 - 2480*w + 45. Calculate i(-73).
-101
Let x(t) = -4732*t - 1547353. Determine x(-327).
11
Let r(q) = -52*q**2 - 2137*q - 19032. What is r(-13)?
-39
Let u(r) = r**3 + 17*r**2 - 2099*r - 498. Calculate u(-55).
-3
Let x(t) = 2*t**2 + 114*t + 673. Determine x(-51).
61
Let t(i) = -421*i + 86560. What is t(206)?
-166
Let x(b) = 121*b - 10682. Give x(93).
571
Let v(m) = 93*m**2 + 132*m - 129. What is v(1)?
96
Let b(a) = 2*a**2 + 323*a - 243. Give b(-159).
-1038
Let p(i) = -882*i**2 + 185221*i - 169. Give p(210).
41
Let q(l) = -l**3 - 40*l**2 + 644*l + 1047. What is q(-52)?
7
Let u(t) = 2*t**2 - 1982*t - 53035. Give u(-26).
-151
Let k(c) = 340*c**3 - 55*c**2 + 121*c - 6. Calculate k(2).
2736
Let g(q) = 46469*q - 31738333. What is g(683)?
-6
Let h(m) = -m**2 + 221*m + 276699. Give h(-427).
3
Let p(u) = u**3 + 174*u**2 + 76*u + 13299. Calculate p(-174).
75
Let f(p) = 33*p**2 + 668*p - 692. What is f(1)?
9
Let u(z) = 4*z**3 - 8*z**2 + 80*z - 258. Give u(4).
190
Let z(o) = 2*o**2 + 491*o + 3595. Give z(-238).
25
Let u(t) = -t**3 + 26*t**2 - 219*t + 645. Calculate u(7).
43
Let o(a) = 349*a**2 - 4557*a + 285. Calculate o(13).
25
Let a(n) = -6*n**2 - 3116*n + 38255. What is a(12)?
-1
Let h(c) = -c**3 - 3*c**2 + 253*c - 943. Calculate h(4).
-43
Let g(b) = b**3 + b**2 + 25366*b + 101499. Give g(-4).
-13
Let t(x) = -2*x**2 + 212*x - 5710. Calculate t(57).
-124
Let n(h) = -6*h**3 + 550*h**2 + 165*h - 257. Determine n(92).
-2005
Let j(i) = -2953*i + 248154. Determine j(84).
102
Let u(o) = -64*o**2 + 37896*o - 4714. Give u(592).
22
Let b(x) = 23*x**2 - 49*x - 834. Determine b(-5).
-14
Let f(h) = 3*h**3 - 167*h**2 - 7013*h + 343. Determine f(-28).
-77
Let q(l) = -52*l**2 - 8594*l - 10788. Calculate q(-164).
36
Let w(l) = -12*l**3 - 926*l**2 + 2244*l + 184642. Determine w(-77).
-4
Let z(x) = -1418*x - 651. Calculate z(-1).
767
Let v(n) = 20411*n - 81640. Give v(4).
4
Let x(s) = 6670*s + 259882. Determine x(-39).
-248
Let q(j) = j**2 - 384*j - 3419. Determine q(-9).
118
Let z(t) = 9868*t + 305870. Determine z(-31).
-38
Let g(v) = -v**2 - 40971*v - 614329. Calculate g(-15).
11
Let r(l) = -261079*l - 1566506. Determine r(-6).
-32
Let b(q) = -3*q**3 + 147*q**2 - 1068*q - 203. Calculate b(7).
-1505
Let q(n) = 262*n - 66790. Give q(255).
20
Let j(u) = -u**3 + 144*u**2 + 6573*u + 22494. What is j(181)?
50
Let f(g) = -2*g**3 - 6*g**2 - 24255*g - 121244. Determine f(-5).
131
Let v(o) = -11369*o - 34100. Calculate v(-3).
7
Let n(j) = -j**3 + 11*j**2 + 22*j - 262. Calculate n(10).
58
Let o(l) = -180*l**3 + 11*l**2 - 5*l - 2. Determine o(-1).
194
Let r(f) = f**3 + 68*f**2 + 191*f + 159. Determine r(-65).
419
Let y(a) = 8*a**3 + 4*a**2 + 81*a - 423. Give y(6).
1935
Let p(d) = 3*d**3 - 130*d**2 + 56*d - 591. Give p(43).
-32
Let y(f) = -5*f**3 - 27*f**2 - 121*f - 709. What is y(-6)?
125
Let f(k) = k**2 + 258*k + 6767. Give f(-229).
126
Let p(l) =